der when 3 is divided by m?
0
Suppose -3 + 15 = 4*i. Suppose -5*l - i*c + 12 = 0, -3*l - 3*c + 0*c + 6 = 0. Calculate the remainder when 5 is divided by l.
2
Suppose -4*z + 92 = i, -2*i + 2*z = 7*z - 199. What is the remainder when i is divided by 38?
36
Suppose -15 = 5*a - 5*d, -2*a - 15 + 2 = 5*d. Let n(j) = j**3 + 5*j**2 + 4*j + 7. What is the remainder when 27 is divided by n(a)?
6
Let r(d) = 3*d + 3. Suppose 0 = 2*y - 0*y + 4. What is the remainder when y - (-33 + -3 + -1) is divided by r(5)?
17
Let n(a) = a**2 + a - 1. What is the remainder when 32 is divided by n(-4)?
10
Let a(u) = -u**2 - 5*u + 10. What is the remainder when 11 is divided by a(-6)?
3
Let b(f) = f - 7. Let u be b(7). Suppose 20 = -u*v + 4*v. What is the remainder when 12 is divided by v?
2
Let r = -27 - -39. Calculate the remainder when r is divided by 4.
0
Suppose 0 = -b + 2 - 1. Let h = b - -1. Let a(v) = v**2 - 3*v + 3. What is the remainder when a(h) is divided by 1?
0
Let b = 43 - 21. Suppose -2*p + 14 + 12 = 0. What is the remainder when b is divided by p?
9
Suppose l = -3*l + 20. Let z(i) = -l*i + 0 - i**3 + 5 + 5*i**2 + 1. What is the remainder when 2 is divided by z(4)?
0
Suppose -4*d - 50 = -110. Suppose -2*z + 6*z - 36 = 0. What is the remainder when d is divided by z?
6
Suppose -8*o = -779 - 93. Calculate the remainder when o is divided by (-1)/3 + (-85)/(-3).
25
Let f(g) = g**2 - g + 1. Suppose 4*b + 2*z = 4*z, -3*b - 5*z = 13. Let r = b + 28. Calculate the remainder when r is divided by f(3).
6
Suppose -1 = -3*q + 5. Let l be (0*q/6)/(-2). Suppose l = v + v - 76. Calculate the remainder when v is divided by 20.
18
Let t = -3 + 8. Let i = 7 - t. What is the remainder when 4/i - (-31 - 5) is divided by 10?
8
Let m = -30 + 62. What is the remainder when m is divided by 7?
4
Let g = -60 - -70. Let v(x) = -x**2 - 6*x - 2. Let b be ((-2)/(-5))/(3/(-30)). What is the remainder when g is divided by v(b)?
4
What is the remainder when (11 - 23)*4/(-6) is divided by 3?
2
Suppose 5*c = 46 + 14. Let t be (-4)/(-6) - 68/c. Let h(p) = -14*p - 6. What is the remainder when h(t) is divided by 22?
20
Let l = 33 + -48. What is the remainder when 13 is divided by (2/(-3)*l)/2?
3
Suppose 5*f - 4*v - 75 = 0, -2*f - 3*f = -5*v - 70. Calculate the remainder when f is divided by 11.
8
Suppose -15*i + 18*i - 51 = 0. Suppose h = -5*g + 250, -h = -g - 2*h + 50. Calculate the remainder when g is divided by i.
16
Suppose -v + 7 = 2. Let a = v + -4. Let t = 1 - 0. Calculate the remainder when t is divided by a.
0
Let a(y) = y. Let t be a(4). Suppose -t = -0*k - 4*k. What is the remainder when 30 is divided by (-1 - k)*22/(-4)?
8
Suppose 8*z - 74 = 22. Calculate the remainder when 81 is divided by z.
9
Suppose -2 = 4*p - 26. Let o(t) = t + 2. Calculate the remainder when o(8) is divided by p.
4
Let r be 1/(1 + -2 + 0). Let b = r + 0. What is the remainder when b + 0 + 11*1 is divided by 4?
2
Let w(c) = c**3 - c**2 - c. Let i be w(0). Suppose l + 2*l - 42 = i. What is the remainder when l is divided by 8?
6
Let i(l) = -9*l**2 + 4*l - l**3 - 2*l**3 + 9 + 4*l**3. Let s be i(9). What is the remainder when 1655/s + (-4)/(-18) is divided by 13?
11
Suppose -24*d + 27*d = 57. Calculate the remainder when 169 is divided by d.
17
Suppose 5*g = -q + 20, -3*g + 3*q + 23 = -7. What is the remainder when 12 is divided by g?
2
Suppose -3 = -a + t, -2 = -3*a - 2*t + 2. Suppose a*b - 71 = 5*f - 20, -87 = -3*b - 3*f. What is the remainder when 109 is divided by b?
25
Let p = 25 + -16. What is the remainder when 49 is divided by p/(-6)*(-26)/3?
10
Let d(s) = -s**3 - 7*s**2 - 8*s + 10. What is the remainder when d(-7) is divided by 17?
15
Suppose 5*l - 117 = -2. What is the remainder when l is divided by (-2)/(-2) - -1*11?
11
Suppose -g = 5*d - 75, 2*d + 75 = 7*d - g. Calculate the remainder when d is divided by 9.
6
Suppose -l + 5*j - 4 = 0, -4*j + 0 = -l - 2. What is the remainder when 35 is divided by l?
5
Let i(p) = -p + 1. Let z(m) = 5*m + 14. Let q(g) = 6*i(g) + z(g). Let h = -37 + 68. Calculate the remainder when h is divided by q(12).
7
Let m = 76 - 30. Suppose 0 = -4*i + 3*r + 12, -2*i - 3*r + 15 = 3*i. Suppose i*v - 64 = -v. Calculate the remainder when m is divided by v.
14
Suppose -24*s + 19*s = -20. Calculate the remainder when 4 is divided by s.
0
Suppose 0 = 3*m - 5*m. Suppose m = -2*p + 6 + 6. What is the remainder when p is divided by 3?
0
Suppose -5*x - 12 = -2. Let a be 1/x - 275/10. Let u = a + 63. What is the remainder when u is divided by 12?
11
What is the remainder when 2/(-9) + (-778)/(-18) is divided by 9?
7
Suppose -5*x - 11 = -41. What is the remainder when 51 is divided by x?
3
Let t(x) be the first derivative of -x**2/2 + 3*x + 3. Let i be t(3). Suppose i = -4*y - 4 - 12, -y - 39 = -5*p. What is the remainder when p is divided by 3?
1
Let r(t) = t**2 - 26*t + 58. What is the remainder when 25 is divided by r(24)?
5
Let r be 60/14 + (-4)/14. Suppose -p = r*p - 20. Suppose -p*m = -2*m - 10. What is the remainder when 8 is divided by m?
3
Suppose 2*q = 6*q - 232. What is the remainder when q is divided by 10?
8
Let k = -60 - -65. What is the remainder when 22 is divided by k?
2
Let o(z) = 2*z**2 - 3*z - 1. Let u(h) = h**3 + 7*h**2 + 3*h + 4. Let c be u(-6). Let y = 47 - c. What is the remainder when y is divided by o(-2)?
12
Let v be ((-10)/(-10))/((-2)/(-10)). Suppose v*n = 5*z + 22 + 28, -5*z + 70 = 5*n. Calculate the remainder when n is divided by 3.
0
Let q be 15/(-1) - (2 - 5). Let j be (-2)/(-8) - (-3)/q. Suppose m + 0*m - 2 = j. What is the remainder when 4 is divided by m?
0
Let q = -20 + 36. Suppose -w + 5*w + q = 0. What is the remainder when 15 is divided by (-42)/(-5) - w/(-10)?
7
Let c(r) = -r**2 + 21*r + 31. What is the remainder when c(22) is divided by 3?
0
Let b be (-74)/(0 + -1) - 2. Suppose 0 = -4*l + b + 68. Let t(i) = 2*i + 4. Calculate the remainder when l is divided by t(4).
11
Suppose 202*h - 207*h + 110 = 0. Let d = 64 - 22. What is the remainder when d is divided by h?
20
Suppose -6*x + 15 + 15 = 0. What is the remainder when 14 is divided by x?
4
Suppose -i + 4 = -0*i. Suppose i*z = -0*z + 20. Calculate the remainder when 8 is divided by z.
3
Suppose d + d = 0. Suppose d*l + 5 = l + 3*x, x = 3*l - 25. Suppose 4*j - 69 = j. What is the remainder when j is divided by l?
7
Suppose 255 = -0*w + 5*w. Suppose -3*i + 8*i = 90. Calculate the remainder when w is divided by i.
15
Suppose -24 = -b + d - 9, 2*d = 3*b - 44. Calculate the remainder when 2*(-1)/(-3)*60 is divided by b.
12
Let q be ((-6)/(-4))/((-4)/(-8)). Suppose 4*z = q*a + 103, 4*a + 130 = -3*z + 8*z. What is the remainder when 65 is divided by z?
21
Suppose 9*y = 10*y - 86. Let h = -31 + y. What is the remainder when h is divided by 28?
27
Suppose -4*b - 52 = -8*b. What is the remainder when 37 is divided by b?
11
Calculate the remainder when 19 is divided by 2 + -1 + (11 - 7).
4
Suppose 0 = 5*a - 2*a + 9. Let w = 1 + a. What is the remainder when 13 is divided by w/(-3)*(-105)/(-10)?
6
What is the remainder when 70 is divided by 18/((-3)/(-12)*2)?
34
Suppose -i + 5*i - 47 = 3*n, 0 = 3*i + 2*n - 31. What is the remainder when 30 is divided by i?
8
Let d = 7 + -12. Let l = 3 - 1. What is the remainder when d/l*6/(-5) is divided by 2?
1
Let b = -92 + 115. Calculate the remainder when b is divided by 6.
5
Let k be -3*20/(-9)*3. Let n be 1/5 + (-124)/k. Let b = 2 - n. Calculate the remainder when 14 is divided by b.
6
Let q = 6 + -3. Suppose g - 5*s - 10 = 5, 5*g - q*s = 53. Let k(z) = -5*z - 7. What is the remainder when k(-5) is divided by g?
8
Let d = -17 + 34. Suppose -5*w = -d - 53. Let c(l) = 40*l + 1. Calculate the remainder when c(1) is divided by w.
13
Suppose -4 = -4*a - 5*d + 72, -a - d + 18 = 0. What is the remainder when 69 is divided by a?
13
Suppose 0 = 3*l - 6, -3*p - 4*l + 80 = -3*l. Suppose -3*h + 50 - 8 = 0. Calculate the remainder when p is divided by h.
12
What is the remainder when 73 is divided by (-7)/(-56)*50*(3 + 1)?
23
Let l = 95 + -67. Calculate the remainder when 53 is divided by l.
25
Let o(h) = 3*h - 2. Let a be o(2). Suppose 67 = a*v - 165. What is the remainder when v is divided by 2*2/(-6)*-30?
18
Calculate the remainder when 18 is divided by (3/(-12))/((-4)/112).
